{"id":21240,"date":"2024-10-26T11:20:55","date_gmt":"2024-10-26T14:20:55","guid":{"rendered":"https:\/\/apacs.com.br\/site\/?post_type=product&#038;p=21240"},"modified":"2025-11-28T10:57:07","modified_gmt":"2025-11-28T13:57:07","slug":"cachaca-salineira-especial-balsamo-750ml-2","status":"publish","type":"product","link":"https:\/\/apacs.com.br\/site\/product\/cachaca-salineira-especial-balsamo-750ml-2\/","title":{"rendered":"Cacha\u00e7a Salineira Especial (B\u00e1lsamo) 750ml"},"content":{"rendered":"<p>A\u00a0Cacha\u00e7a Salineira B\u00e1lsamo,\u00a0conquistou a medalha duplo ouro na Expocacha\u00e7a 2021 , conferida\u00a0as melhores cacha\u00e7as armazenadas em madeiras brasileiras inscrita no concurso.<\/p>\n<p>&nbsp;<\/p>\n<p>A Salineira \u00e9 uma del\u00edcia, com o sabor expressivo e o teor alco\u00f3lico generoso (45%) t\u00edpico das cacha\u00e7as de Salinas.<\/p>\n<p>A Cacha\u00e7a Salineira \u00e9 produzida em Salinas (MG), famosa pela qualidade da sua produ\u00e7\u00e3o. Envelhecida em ton\u00e9is de B\u00e1lsamo, o que lhe confere caracter\u00edsticas t\u00edpicas da madeira. Agrada a todos os paladares.<\/p>\n<ul>\n<li>Madeira:\u00a0B\u00e1lsamo<\/li>\n<li>Grad. Alco\u00f3lica:\u00a047,9%<\/li>\n<li>Volume: 750 ml<\/li>\n<li>Tempo de Envelhecimento: 12\u00a0anos<\/li>\n<li>Origem:\u00a0Salinas\/MG<\/li>\n<li>Colora\u00e7\u00e3o:\u00a0Dourada<\/li>\n<li>An\u00e1lise: Sabor intenso e t\u00edpico de madeira. Possui aromas intenso de especiarias.<\/li>\n<\/ul>\n","protected":false},"excerpt":{"rendered":"<p>A\u00a0Cacha\u00e7a Salineira B\u00e1lsamo,\u00a0conquistou a medalha duplo ouro na Expocacha\u00e7a 2021 , conferida\u00a0as melhores cacha\u00e7as armazenadas em madeiras brasileiras inscrita no concurso. &nbsp; A Salineira \u00e9 uma del\u00edcia, com o sabor&hellip;<\/p>\n","protected":false},"featured_media":21204,"comment_status":"closed","ping_status":"closed","template":"","meta":[],"product_brand":[],"product_cat":[234,182,183,224],"product_tag":[],"class_list":{"0":"post-21240","1":"product","2":"type-product","3":"status-publish","4":"has-post-thumbnail","6":"product_cat-12-anos","7":"product_cat-cachaca-dourada","8":"product_cat-marcas","9":"product_cat-salineira","11":"first","12":"instock","13":"sale","14":"taxable","15":"shipping-taxable","16":"purchasable","17":"product-type-simple"},"_links":{"self":[{"href":"https:\/\/apacs.com.br\/site\/wp-json\/wp\/v2\/product\/21240","targetHints":{"allow":["GET"]}}],"collection":[{"href":"https:\/\/apacs.com.br\/site\/wp-json\/wp\/v2\/product"}],"about":[{"href":"https:\/\/apacs.com.br\/site\/wp-json\/wp\/v2\/types\/product"}],"replies":[{"embeddable":true,"href":"https:\/\/apacs.com.br\/site\/wp-json\/wp\/v2\/comments?post=21240"}],"wp:featuredmedia":[{"embeddable":true,"href":"https:\/\/apacs.com.br\/site\/wp-json\/wp\/v2\/media\/21204"}],"wp:attachment":[{"href":"https:\/\/apacs.com.br\/site\/wp-json\/wp\/v2\/media?parent=21240"}],"wp:term":[{"taxonomy":"product_brand","embeddable":true,"href":"https:\/\/apacs.com.br\/site\/wp-json\/wp\/v2\/product_brand?post=21240"},{"taxonomy":"product_cat","embeddable":true,"href":"https:\/\/apacs.com.br\/site\/wp-json\/wp\/v2\/product_cat?post=21240"},{"taxonomy":"product_tag","embeddable":true,"href":"https:\/\/apacs.com.br\/site\/wp-json\/wp\/v2\/product_tag?post=21240"}],"curies":[{"name":"wp","href":"https:\/\/api.w.org\/{rel}","templated":true}]}}

Cachaça Salineira Especial (Bálsamo) 750ml

<p>A Cachaça Salineira Bálsamo, conquistou a medalha duplo ouro na Expocachaça 2021 , conferida as melhores cachaças armazenadas em madeiras brasileiras inscrita no concurso.</p>
<p>&nbsp;</p>
<p>A Salineira é uma delícia, com o sabor expressivo e o teor alcoólico generoso (45%) típico das cachaças de Salinas.</p>
<p>A Cachaça Salineira é produzida em Salinas (MG), famosa pela qualidade da sua produção. Envelhecida em tonéis de Bálsamo, o que lhe confere características típicas da madeira. Agrada a todos os paladares.</p>
<ul>
<li>Madeira: Bálsamo</li>
<li>Grad. Alcoólica: 47,9%</li>
<li>Volume: 750 ml</li>
<li>Tempo de Envelhecimento: 12 anos</li>
<li>Origem: Salinas/MG</li>
<li>Coloração: Dourada</li>
<li>Análise: Sabor intenso e típico de madeira. Possui aromas intenso de especiarias.</li>
</ul>

<p>A Cachaça Salineira Bálsamo, conquistou a medalha duplo ouro na Expocachaça 2021 , conferida as melhores cachaças armazenadas em madeiras brasileiras inscrita no concurso. &nbsp; A Salineira é uma delícia, com o sabor&hellip;</p>
