{"id":20686,"date":"2024-04-13T17:14:32","date_gmt":"2024-04-13T20:14:32","guid":{"rendered":"https:\/\/apacs.com.br\/site\/?post_type=product&#038;p=20686"},"modified":"2025-01-23T15:50:41","modified_gmt":"2025-01-23T18:50:41","slug":"minas-douro-balsamo-670-ml","status":"publish","type":"product","link":"https:\/\/apacs.com.br\/site\/product\/minas-douro-balsamo-670-ml\/","title":{"rendered":"Minas D&#8217;Ouro (B\u00e1lsamo) 670 ml"},"content":{"rendered":"","protected":false},"excerpt":{"rendered":"<p><strong>Minas D&#8217;Ouro Balsamo<\/strong><\/p>\n<p>A\u00a0<strong>Minas D&#8217;ouro<\/strong>\u00a0cacha\u00e7a produzida\u00a0na cidade de Salinas &#8211; Minas Gerais,\u00a0para p\u00fablicos de paladares exigentes, a nossa cacha\u00e7a\u00a0carrega qualidade, originalidade e tradi\u00e7\u00e3o mineira. Seus pontos fortes, torna seu sabor refinado e exclusiva.<\/p>\n<p>Para um bom apreciador de cacha\u00e7a, tem que conhecer\u00a0<strong>Minas D&#8217;ouro<\/strong>.<\/p>\n<p>A Cacha\u00e7a\u00a0<strong>Minas D&#8217;Ouro<\/strong>\u00a0\u00e9 produzida a partir de mat\u00e9rias-primas rigorosamente selecionadas e processadas dentro das mais exigentes t\u00e9cnicas de produ\u00e7\u00e3o\u00a0artesanal de qualidade e respeito ao meio ambiente.<\/p>\n<p>Validade indeterminada. N\u00e3o cont\u00e9m gl\u00faten.<\/p>\n","protected":false},"featured_media":21067,"comment_status":"closed","ping_status":"closed","template":"","meta":[],"product_brand":[],"product_cat":[182,183,237],"product_tag":[],"class_list":{"0":"post-20686","1":"product","2":"type-product","3":"status-publish","4":"has-post-thumbnail","6":"product_cat-cachaca-dourada","7":"product_cat-marcas","8":"product_cat-minas-douro","10":"first","11":"instock","12":"taxable","13":"shipping-taxable","14":"purchasable","15":"product-type-simple"},"_links":{"self":[{"href":"https:\/\/apacs.com.br\/site\/wp-json\/wp\/v2\/product\/20686","targetHints":{"allow":["GET"]}}],"collection":[{"href":"https:\/\/apacs.com.br\/site\/wp-json\/wp\/v2\/product"}],"about":[{"href":"https:\/\/apacs.com.br\/site\/wp-json\/wp\/v2\/types\/product"}],"replies":[{"embeddable":true,"href":"https:\/\/apacs.com.br\/site\/wp-json\/wp\/v2\/comments?post=20686"}],"wp:featuredmedia":[{"embeddable":true,"href":"https:\/\/apacs.com.br\/site\/wp-json\/wp\/v2\/media\/21067"}],"wp:attachment":[{"href":"https:\/\/apacs.com.br\/site\/wp-json\/wp\/v2\/media?parent=20686"}],"wp:term":[{"taxonomy":"product_brand","embeddable":true,"href":"https:\/\/apacs.com.br\/site\/wp-json\/wp\/v2\/product_brand?post=20686"},{"taxonomy":"product_cat","embeddable":true,"href":"https:\/\/apacs.com.br\/site\/wp-json\/wp\/v2\/product_cat?post=20686"},{"taxonomy":"product_tag","embeddable":true,"href":"https:\/\/apacs.com.br\/site\/wp-json\/wp\/v2\/product_tag?post=20686"}],"curies":[{"name":"wp","href":"https:\/\/api.w.org\/{rel}","templated":true}]}}