{"id":20683,"date":"2024-04-13T17:14:32","date_gmt":"2024-04-13T20:14:32","guid":{"rendered":"https:\/\/apacs.com.br\/site\/?post_type=product&#038;p=20683"},"modified":"2024-10-26T09:03:55","modified_gmt":"2024-10-26T12:03:55","slug":"vila-nobre-umburana-670-ml","status":"publish","type":"product","link":"https:\/\/apacs.com.br\/site\/product\/vila-nobre-umburana-670-ml\/","title":{"rendered":"Vila Nobre (Umburana) 670 ml"},"content":{"rendered":"<p>A Vila Nobre Ouro 670 ml, \u00e9 produzida atrav\u00e9s de canas-de -a\u00e7\u00facar selecionadas, com um rigoroso padr\u00e3o de qualidade, envelhecida\u00a0por 2 anos em ton\u00e9is de Umburana, madeira tipicamente brasileira.<\/p>\n<p>A gradua\u00e7\u00e3o alco\u00f3lica em 43%, torna a bebida leve, e de corpo equilibrado.<\/p>\n<p>De cor amarelo palha, l\u00edmpida e brilhante, a bebida tem aromas amadeirados, frutados, com notas finais de baunilha e canela. Com um gosto adocicado e retrogosto agrad\u00e1vel, deixa uma sensa\u00e7\u00e3o aveludada na boca.<\/p>\n<p>Excelente custo benef\u00edcio entre as melhores cacha\u00e7as do pa\u00eds.<\/p>\n","protected":false},"excerpt":{"rendered":"<p>A Vila Nobre Ouro 670 ml, \u00e9 produzida atrav\u00e9s de canas-de -a\u00e7\u00facar selecionadas, com um rigoroso padr\u00e3o de qualidade, envelhecida\u00a0por 2 anos em ton\u00e9is de Umburana, madeira tipicamente brasileira. A&hellip;<\/p>\n","protected":false},"featured_media":21132,"comment_status":"closed","ping_status":"closed","template":"","meta":[],"product_brand":[],"product_cat":[185,182,183,235],"product_tag":[],"class_list":{"0":"post-20683","1":"product","2":"type-product","3":"status-publish","4":"has-post-thumbnail","6":"product_cat-2-anos","7":"product_cat-cachaca-dourada","8":"product_cat-marcas","9":"product_cat-vila-nobre","11":"first","12":"outofstock","13":"sale","14":"taxable","15":"shipping-taxable","16":"purchasable","17":"product-type-simple"},"_links":{"self":[{"href":"https:\/\/apacs.com.br\/site\/wp-json\/wp\/v2\/product\/20683","targetHints":{"allow":["GET"]}}],"collection":[{"href":"https:\/\/apacs.com.br\/site\/wp-json\/wp\/v2\/product"}],"about":[{"href":"https:\/\/apacs.com.br\/site\/wp-json\/wp\/v2\/types\/product"}],"replies":[{"embeddable":true,"href":"https:\/\/apacs.com.br\/site\/wp-json\/wp\/v2\/comments?post=20683"}],"wp:featuredmedia":[{"embeddable":true,"href":"https:\/\/apacs.com.br\/site\/wp-json\/wp\/v2\/media\/21132"}],"wp:attachment":[{"href":"https:\/\/apacs.com.br\/site\/wp-json\/wp\/v2\/media?parent=20683"}],"wp:term":[{"taxonomy":"product_brand","embeddable":true,"href":"https:\/\/apacs.com.br\/site\/wp-json\/wp\/v2\/product_brand?post=20683"},{"taxonomy":"product_cat","embeddable":true,"href":"https:\/\/apacs.com.br\/site\/wp-json\/wp\/v2\/product_cat?post=20683"},{"taxonomy":"product_tag","embeddable":true,"href":"https:\/\/apacs.com.br\/site\/wp-json\/wp\/v2\/product_tag?post=20683"}],"curies":[{"name":"wp","href":"https:\/\/api.w.org\/{rel}","templated":true}]}}