{"id":20659,"date":"2024-04-13T17:13:15","date_gmt":"2024-04-13T20:13:15","guid":{"rendered":"https:\/\/apacs.com.br\/site\/?post_type=product&#038;p=20659"},"modified":"2024-10-26T11:30:39","modified_gmt":"2024-10-26T14:30:39","slug":"cachaca-seleta-inox1-l","status":"publish","type":"product","link":"https:\/\/apacs.com.br\/site\/product\/cachaca-seleta-inox1-l\/","title":{"rendered":"Cacha\u00e7a Seleta (Inox)1 L"},"content":{"rendered":"<p>Cacha\u00e7a Seleta, queridinha do Brasil, a cacha\u00e7a artesanal mais vendida do pa\u00eds. Feita a partir de canas rigorosamente selecionadas a Seleta Prata tem sabor suave e delicioso.<\/p>\n<ul>\n<li>Descansada em Inox<\/li>\n<li>Grad. Alco\u00f3lica:\u00a040%<\/li>\n<li>Volume: 1000 ml<\/li>\n<li>Tempo de Envelhecimento: 1 Ano<\/li>\n<li>Origem:\u00a0Salinas\/MG<\/li>\n<li>Colora\u00e7\u00e3o: Branca incolor<\/li>\n<li>An\u00e1lise:\u00a0Suave, permite sentir o sabor da cana, com suas notas vegetais e frutadas.<\/li>\n<\/ul>\n","protected":false},"excerpt":{"rendered":"<p>Cacha\u00e7a Seleta (Inox) 1000 ml<\/p>\n","protected":false},"featured_media":21219,"comment_status":"closed","ping_status":"closed","template":"","meta":[],"product_brand":[],"product_cat":[190,183,221],"product_tag":[],"class_list":{"0":"post-20659","1":"product","2":"type-product","3":"status-publish","4":"has-post-thumbnail","6":"product_cat-cachaca-incolor","7":"product_cat-marcas","8":"product_cat-seleta","10":"first","11":"instock","12":"sale","13":"taxable","14":"shipping-taxable","15":"purchasable","16":"product-type-simple"},"_links":{"self":[{"href":"https:\/\/apacs.com.br\/site\/wp-json\/wp\/v2\/product\/20659","targetHints":{"allow":["GET"]}}],"collection":[{"href":"https:\/\/apacs.com.br\/site\/wp-json\/wp\/v2\/product"}],"about":[{"href":"https:\/\/apacs.com.br\/site\/wp-json\/wp\/v2\/types\/product"}],"replies":[{"embeddable":true,"href":"https:\/\/apacs.com.br\/site\/wp-json\/wp\/v2\/comments?post=20659"}],"wp:featuredmedia":[{"embeddable":true,"href":"https:\/\/apacs.com.br\/site\/wp-json\/wp\/v2\/media\/21219"}],"wp:attachment":[{"href":"https:\/\/apacs.com.br\/site\/wp-json\/wp\/v2\/media?parent=20659"}],"wp:term":[{"taxonomy":"product_brand","embeddable":true,"href":"https:\/\/apacs.com.br\/site\/wp-json\/wp\/v2\/product_brand?post=20659"},{"taxonomy":"product_cat","embeddable":true,"href":"https:\/\/apacs.com.br\/site\/wp-json\/wp\/v2\/product_cat?post=20659"},{"taxonomy":"product_tag","embeddable":true,"href":"https:\/\/apacs.com.br\/site\/wp-json\/wp\/v2\/product_tag?post=20659"}],"curies":[{"name":"wp","href":"https:\/\/api.w.org\/{rel}","templated":true}]}}