{"id":20651,"date":"2024-04-13T17:12:52","date_gmt":"2024-04-13T20:12:52","guid":{"rendered":"https:\/\/apacs.com.br\/site\/?post_type=product&#038;p=20651"},"modified":"2025-10-13T17:38:38","modified_gmt":"2025-10-13T20:38:38","slug":"unna-ouro-ws-7-madeiras-750ml","status":"publish","type":"product","link":"https:\/\/apacs.com.br\/site\/product\/unna-ouro-ws-7-madeiras-750ml\/","title":{"rendered":"UNNA OURO WS (7 madeiras) 750ml"},"content":{"rendered":"<p>Um Blend elegante de Carvalho Americano em 2 tostas diferentes (tosta 2 e tosta 4), a tradi\u00e7\u00e3o do Carvalho Franc\u00eas, a brasilidade da Amburana, um toque de canela sassafr\u00e1s e a surpresa do Eucalipto.<\/p>\n<p>Ideal para consumir pura, em coquet\u00e9is de frutas e drinques elaborados<\/p>\n<p>Gradua\u00e7\u00e3o Alco\u00f3lica: 42% Vol<\/p>\n<p>Envelhecimento: 3 anos<\/p>\n<p>Conte\u00fado : 750ml<\/p>\n<p>Origem : Salinas MG<\/p>\n<p>Madeiras :\u00a0Carvalho americano ,Carvalho franc\u00eas ,Amburana, Eucalipto ,Balsamo, Castanheira, Canela sassafr\u00e1s<\/p>\n<p>Eleita como a\u00a010a\u00a0melhor\u00a0a cacha\u00e7a do Brasil , categoria Envelhecida<\/p>\n","protected":false},"excerpt":{"rendered":"<p>Um Blend elegante de Carvalho Americano em 2 tostas diferentes (tosta 2 e tosta 4), a tradi\u00e7\u00e3o do Carvalho Franc\u00eas, a brasilidade da Amburana, um toque de canela sassafr\u00e1s e&hellip;<\/p>\n","protected":false},"featured_media":21234,"comment_status":"closed","ping_status":"closed","template":"","meta":[],"product_brand":[],"product_cat":[231,182,183,233],"product_tag":[],"class_list":{"0":"post-20651","1":"product","2":"type-product","3":"status-publish","4":"has-post-thumbnail","6":"product_cat-3-anos","7":"product_cat-cachaca-dourada","8":"product_cat-marcas","9":"product_cat-unna-ws","11":"first","12":"instock","13":"sale","14":"taxable","15":"shipping-taxable","16":"purchasable","17":"product-type-simple"},"_links":{"self":[{"href":"https:\/\/apacs.com.br\/site\/wp-json\/wp\/v2\/product\/20651","targetHints":{"allow":["GET"]}}],"collection":[{"href":"https:\/\/apacs.com.br\/site\/wp-json\/wp\/v2\/product"}],"about":[{"href":"https:\/\/apacs.com.br\/site\/wp-json\/wp\/v2\/types\/product"}],"replies":[{"embeddable":true,"href":"https:\/\/apacs.com.br\/site\/wp-json\/wp\/v2\/comments?post=20651"}],"wp:featuredmedia":[{"embeddable":true,"href":"https:\/\/apacs.com.br\/site\/wp-json\/wp\/v2\/media\/21234"}],"wp:attachment":[{"href":"https:\/\/apacs.com.br\/site\/wp-json\/wp\/v2\/media?parent=20651"}],"wp:term":[{"taxonomy":"product_brand","embeddable":true,"href":"https:\/\/apacs.com.br\/site\/wp-json\/wp\/v2\/product_brand?post=20651"},{"taxonomy":"product_cat","embeddable":true,"href":"https:\/\/apacs.com.br\/site\/wp-json\/wp\/v2\/product_cat?post=20651"},{"taxonomy":"product_tag","embeddable":true,"href":"https:\/\/apacs.com.br\/site\/wp-json\/wp\/v2\/product_tag?post=20651"}],"curies":[{"name":"wp","href":"https:\/\/api.w.org\/{rel}","templated":true}]}}