{"id":20559,"date":"2024-04-13T17:09:12","date_gmt":"2024-04-13T20:09:12","guid":{"rendered":"https:\/\/apacs.com.br\/site\/?post_type=product&#038;p=20559"},"modified":"2024-10-30T16:01:21","modified_gmt":"2024-10-30T19:01:21","slug":"cachaca-tabua-umburana-670-ml","status":"publish","type":"product","link":"https:\/\/apacs.com.br\/site\/product\/cachaca-tabua-umburana-670-ml\/","title":{"rendered":"Cacha\u00e7a Tab\u00faa (Umburana) 670 ml"},"content":{"rendered":"<p>A\u00a0<strong>CACHA\u00c7A TAB\u00daA Flor de Ouro<\/strong>\u00a0tem um tempo maior de armazenamento,\u00a0assim eleva-se a qualidade e adquire atributos de\u00a0aroma e sabor definidos do b\u00e1lsamo.<\/p>\n<p>A cacha\u00e7a artesanal \u00a0Tab\u00faa \u00e9 fabricada nos solos da\u00a0capital mundial da cacha\u00e7a.<\/p>\n<p>\u00c9 desenvolvida de forma\u00a0artesanal e tradicional, com caracter\u00edsticas t\u00edpicas<br \/>\nem cada etapa do processo.<\/p>\n<p>Com a escolha da cana e processo de extra\u00e7\u00e3o\u00a0do caldo da cana-de-a\u00e7\u00facar propiciamos a nossa\u00a0fermenta\u00e7\u00e3o \u201ccaipira\u201d o desenvolvimento necess\u00e1rio\u00a0para a obten\u00e7\u00e3o da cacha\u00e7a de qualidade.<\/p>\n<p>Os procedimentos de produ\u00e7\u00e3o e boas pr\u00e1ticas s\u00e3o imprescind\u00edveis para chegarmos ao produto final tendo\u00a0os selos de garantia que avalizam os resultados do\u00a0nosso trabalho.<\/p>\n<p>As marcas Tab\u00faa t\u00eam conquistado\u00a0o mercado pela forma artesanal e atende os padr\u00f5es<br \/>\nde qualidade exigidos e principalmente o gosto dos\u00a0nossos consumidores.<\/p>\n<p><a href=\"https:\/\/antigo.apacs.com.br\/manutencao\/admin\/A%20Cacha%C3%A7a%20Salicana%20%C3%A9%20produzida%20na%20cidade%20de%20Salinas,%20Minas%20Gerais,%20onde%20%C3%A9%20envelhecida%20em%20ton%C3%A9is%20de%20B%C3%A1lsamo%20e%20Carvalho,%20e%20engarrafada%20em%20vidro%20com%20tampa%20de%20rosca.%20A%20Cacha%C3%A7a%20Salinense%20%C3%A9%20envelhecida%20em%20tonel%20de%20B%C3%A1lsamo.%20%20O%20Carvalho%20%C3%A9%20uma%20das%20madeiras%20mais%20usadas%20no%20mundo%20e%20indicada%20para%20diversos%20tipo%20de%20destilados,%20como%20o%20whisky,%20run,%20conhaque%20e%20outros.%20%20Esta%20madeira%20promove%20a%20oxida%C3%A7%C3%A3o%20ideal%20das%20bebidas%20contidas%20em%20seu%20interior.%20Al%C3%A9m%20disso,%20um%20pouco%20da%20resina%20do%20malte%20impregnado%20na%20madeira%20e%20dos%20taninos%20s%C3%A3o%20absorvidos%20pela%20cacha%C3%A7a%20durante%20o%20envelhecimento,%20o%20que%20lhe%20d%C3%A1%20a%20cor%20dourada%20e%20o%20sabor%20amaciado,%20engrandecendo%20a%20cacha%C3%A7a%20ao%20paladar%20dos%20mais%20fi%C3%A9is%20apreciadores.%20%20Uma%20das%20cacha%C3%A7as%20nobres%20de%20Salinas%20.%20%20Est%C3%A1%20entre%20as%20preferidas%20dos%20experts%20em%20cacha%C3%A7a.%20%20Grad.%20Alcool%20:%2044,7%20%%20%20%20%20%20%20\" target=\"_blank\" rel=\"noopener noreferrer\">http:\/\/www.tabua.com.br\/<\/a><\/p>\n","protected":false},"excerpt":{"rendered":"<p>Cacha\u00e7a Tab\u00faa (Umburana) 670 ml<\/p>\n","protected":false},"featured_media":21229,"comment_status":"closed","ping_status":"closed","template":"","meta":[],"product_brand":[],"product_cat":[182,183,213],"product_tag":[],"class_list":{"0":"post-20559","1":"product","2":"type-product","3":"status-publish","4":"has-post-thumbnail","6":"product_cat-cachaca-dourada","7":"product_cat-marcas","8":"product_cat-tabua","10":"first","11":"instock","12":"sale","13":"taxable","14":"shipping-taxable","15":"purchasable","16":"product-type-simple"},"_links":{"self":[{"href":"https:\/\/apacs.com.br\/site\/wp-json\/wp\/v2\/product\/20559","targetHints":{"allow":["GET"]}}],"collection":[{"href":"https:\/\/apacs.com.br\/site\/wp-json\/wp\/v2\/product"}],"about":[{"href":"https:\/\/apacs.com.br\/site\/wp-json\/wp\/v2\/types\/product"}],"replies":[{"embeddable":true,"href":"https:\/\/apacs.com.br\/site\/wp-json\/wp\/v2\/comments?post=20559"}],"wp:featuredmedia":[{"embeddable":true,"href":"https:\/\/apacs.com.br\/site\/wp-json\/wp\/v2\/media\/21229"}],"wp:attachment":[{"href":"https:\/\/apacs.com.br\/site\/wp-json\/wp\/v2\/media?parent=20559"}],"wp:term":[{"taxonomy":"product_brand","embeddable":true,"href":"https:\/\/apacs.com.br\/site\/wp-json\/wp\/v2\/product_brand?post=20559"},{"taxonomy":"product_cat","embeddable":true,"href":"https:\/\/apacs.com.br\/site\/wp-json\/wp\/v2\/product_cat?post=20559"},{"taxonomy":"product_tag","embeddable":true,"href":"https:\/\/apacs.com.br\/site\/wp-json\/wp\/v2\/product_tag?post=20559"}],"curies":[{"name":"wp","href":"https:\/\/api.w.org\/{rel}","templated":true}]}}