{"id":20558,"date":"2024-04-13T17:09:12","date_gmt":"2024-04-13T20:09:12","guid":{"rendered":"https:\/\/apacs.com.br\/site\/?post_type=product&#038;p=20558"},"modified":"2025-01-09T14:44:43","modified_gmt":"2025-01-09T17:44:43","slug":"cachaca-baluarte-balsamo-670-ml","status":"publish","type":"product","link":"https:\/\/apacs.com.br\/site\/product\/cachaca-baluarte-balsamo-670-ml\/","title":{"rendered":"Cacha\u00e7a Baluarte (B\u00e1lsamo) 670 ml"},"content":{"rendered":"<p>O que diferencia uma cacha\u00e7a artesanal \u00e9 sua produ\u00e7\u00e3o tradicional , detalhes em todo seu processo de fabrica\u00e7\u00e3o. O cultivo da cana-de-a\u00e7\u00facar sem o uso de agrot\u00f3xicos, a destila\u00e7\u00e3o em alambiques de cobre e o envelhecimento\u00a0durante 01 ano e meio em ton\u00e9is de b\u00e1lsamo e jequitib\u00e1 definem o seu bouquet.<\/p>\n<p>Al\u00e9m de todo este zelo na fabrica\u00e7\u00e3o, a\u00a0<strong>Cacha\u00e7a Baluarte<\/strong>\u00a0\u00a0conta ainda com o aval da consagrada tradi\u00e7\u00e3o das cacha\u00e7as de Salinas. Modernas instala\u00e7\u00f5es, excelente infra-estrutura e laborat\u00f3rio pr\u00f3prio possibilitam uma an\u00e1lise passo a passo na produ\u00e7\u00e3o da cacha\u00e7a, o que assegura um rigoroso e padronizado controle de qualidade. \u00c9 assim, aliando tradi\u00e7\u00e3o, modernidade e tecnologia, que a Cacha\u00e7a Baluarte\u00a0leva aos seus consumidores o melhor da cacha\u00e7a mineira.<\/p>\n<p><strong>Cacha\u00e7a\u00a0BALUARTE<\/strong>\u00a0que \u00e9 marcada pela suavidade, com gradua\u00e7\u00e3o alco\u00f3lica de 40%, al\u00e9m do pre\u00e7o bastante atrativo. Ambas s\u00e3o armazenadas em ton\u00e9is de b\u00e1lsamo e jequitib\u00e1, mas cada uma com sua peculiaridade na forma\u00e7\u00e3o do seu bouquet, proporcionando um agrad\u00e1vel e incompar\u00e1vel sabor, tanto para serem degustadas puras, na caipirinha ou em diversos coquet\u00e9is.<\/p>\n<p><a href=\"http:\/\/www.cachacasabordeminas.com.br\/\" target=\"_blank\" rel=\"noopener noreferrer\">http:\/\/www.cachacasabordeminas.com.br\/<\/a><\/p>\n<p><a href=\"https:\/\/www.facebook.com\/pages\/Cacha%C3%A7a-Sabor-De-Minas-E-Baluarte\" target=\"_blank\" rel=\"noopener noreferrer\">https:\/\/www.facebook.com\/pages\/Cacha\u00e7a-Sabor-De-Minas-E-Baluarte<\/a><\/p>\n","protected":false},"excerpt":{"rendered":"<p>Cacha\u00e7a Baluarte (B\u00e1lsamo) 670 ml<\/p>\n","protected":false},"featured_media":21082,"comment_status":"closed","ping_status":"closed","template":"","meta":[],"product_brand":[],"product_cat":[212,182,183],"product_tag":[],"class_list":{"0":"post-20558","1":"product","2":"type-product","3":"status-publish","4":"has-post-thumbnail","6":"product_cat-baluarte","7":"product_cat-cachaca-dourada","8":"product_cat-marcas","10":"first","11":"instock","12":"sale","13":"taxable","14":"shipping-taxable","15":"purchasable","16":"product-type-simple"},"_links":{"self":[{"href":"https:\/\/apacs.com.br\/site\/wp-json\/wp\/v2\/product\/20558","targetHints":{"allow":["GET"]}}],"collection":[{"href":"https:\/\/apacs.com.br\/site\/wp-json\/wp\/v2\/product"}],"about":[{"href":"https:\/\/apacs.com.br\/site\/wp-json\/wp\/v2\/types\/product"}],"replies":[{"embeddable":true,"href":"https:\/\/apacs.com.br\/site\/wp-json\/wp\/v2\/comments?post=20558"}],"wp:featuredmedia":[{"embeddable":true,"href":"https:\/\/apacs.com.br\/site\/wp-json\/wp\/v2\/media\/21082"}],"wp:attachment":[{"href":"https:\/\/apacs.com.br\/site\/wp-json\/wp\/v2\/media?parent=20558"}],"wp:term":[{"taxonomy":"product_brand","embeddable":true,"href":"https:\/\/apacs.com.br\/site\/wp-json\/wp\/v2\/product_brand?post=20558"},{"taxonomy":"product_cat","embeddable":true,"href":"https:\/\/apacs.com.br\/site\/wp-json\/wp\/v2\/product_cat?post=20558"},{"taxonomy":"product_tag","embeddable":true,"href":"https:\/\/apacs.com.br\/site\/wp-json\/wp\/v2\/product_tag?post=20558"}],"curies":[{"name":"wp","href":"https:\/\/api.w.org\/{rel}","templated":true}]}}