{"id":20457,"date":"2024-04-13T17:06:07","date_gmt":"2024-04-13T20:06:07","guid":{"rendered":"https:\/\/apacs.com.br\/site\/?post_type=product&#038;p=20457"},"modified":"2025-01-23T16:02:51","modified_gmt":"2025-01-23T19:02:51","slug":"cachaca-nova-alianca-porc-balsamo-670-ml","status":"publish","type":"product","link":"https:\/\/apacs.com.br\/site\/product\/cachaca-nova-alianca-porc-balsamo-670-ml\/","title":{"rendered":"Cacha\u00e7a Nova Alian\u00e7a Porc. (B\u00e1lsamo) 670 ml"},"content":{"rendered":"<p>DESDE 1988 O PRODUTOR J\u00c2NIO C\u00c9SAR SILVA FAZ HIST\u00d3RIA NO MERCADO DE DESTILADOS<\/p>\n<p>O fabricante J\u00e2nio C\u00e9sar Silva \u00e9 reconhecido na cidade de Salinas pela produ\u00e7\u00e3o de CACHA\u00c7A ARTESANAL de EXCEL\u00caNCIA!<\/p>\n<p>Pensando em aliar Qualidade Artesanal e Tradi\u00e7\u00e3o Familiar originou a CACHA\u00c7A NOVA ALIAN\u00c7A, com intuito de estabelecer rela\u00e7\u00e3o de confian\u00e7a e aprecia\u00e7\u00e3o do consumidor, sendo armazenada em tr\u00eas vers\u00f5es de madeiras: b\u00e1lsamo, jequitib\u00e1 e umburana.<\/p>\n<p>Essas madeiras conferem \u00e0 bebida paladar incompar\u00e1vel para quem aprecia a genu\u00edna bebida brasileira: a cacha\u00e7a.<\/p>\n<p>EXPERIMENTE E COMPROVE!<\/p>\n<p><strong><a href=\"http:\/\/www.cachacanovaalianca.com.br\/\" target=\"_blank\" rel=\"noopener noreferrer\">http:\/\/www.cachacanovaalianca.com.br\/<\/a><\/strong><\/p>\n<p><strong><a href=\"https:\/\/www.facebook.com\/cachaca.nova.5\" target=\"_blank\" rel=\"noopener noreferrer\">Facebook<\/a><\/strong><\/p>\n<p><strong><a href=\"https:\/\/antigo.apacs.com.br\/manutencao\/DESDE%201988%20O%20PRODUTOR%20J%C3%82NIO%20C%C3%89SAR%20SILVA%20FAZ%20HIST%C3%93RIA%20NO%20MERCADO%20DE%20DESTILADOS%20%20O%20fabricante%20J%C3%A2nio%20C%C3%A9sar%20Silva%20%C3%A9%20reconhecido%20na%20cidade%20de%20Salinas%20pela%20produ%C3%A7%C3%A3o%20de%20CACHA%C3%87A%20ARTESANAL%20de%20EXCEL%C3%8ANCIA!%20%20Pensando%20em%20aliar%20Qualidade%20Artesanal%20e%20Tradi%C3%A7%C3%A3o%20Familiar%20originou%20a%20CACHA%C3%87A%20NOVA%20ALIAN%C3%87A,%20com%20intuito%20de%20estabelecer%20rela%C3%A7%C3%A3o%20de%20confian%C3%A7a%20e%20aprecia%C3%A7%C3%A3o%20do%20consumidor,%20sendo%20armazenada%20em%20tr%C3%AAs%20vers%C3%B5es%20de%20madeiras:%20b%C3%A1lsamo,%20jequitib%C3%A1%20e%20umburana.%20%20Essas%20madeiras%20conferem%20%C3%A0%20bebida%20paladar%20incompar%C3%A1vel%20para%20quem%20aprecia%20a%20genu%C3%ADna%20bebida%20brasileira:%20a%20cacha%C3%A7a.%20%20EXPERIMENTE%20E%20COMPROVE!%20%20http:\/www.cachacanovaalianca.com.br\/%20%20Facebook%20%20http:\/cachacasdesalinas.com\/2015\/03\/23\/cachaca-indaiazinha-e-nova-alianca-tradicao-de-salinas\/%20%20CONTATO%20(38)%20(38)3841-1347%20\/%203841-1576%20-%20vendas@cachacanovaalianca.com.br\" target=\"_blank\" rel=\"noopener noreferrer\">http:\/\/cachacasdesalinas.com\/2015\/03\/23\/cachaca-indaiazinha-e-nova-alianca-tradicao-de-salinas\/<\/a><\/strong><\/p>\n","protected":false},"excerpt":{"rendered":"<p>Cacha\u00e7a Nova Alian\u00e7a Porcelana Oval. (B\u00e1lsamo) 670ml<\/p>\n","protected":false},"featured_media":20500,"comment_status":"closed","ping_status":"closed","template":"","meta":[],"product_brand":[],"product_cat":[182,183,192],"product_tag":[],"class_list":{"0":"post-20457","1":"product","2":"type-product","3":"status-publish","4":"has-post-thumbnail","6":"product_cat-cachaca-dourada","7":"product_cat-marcas","8":"product_cat-nova-alianca","10":"first","11":"instock","12":"sale","13":"taxable","14":"shipping-taxable","15":"purchasable","16":"product-type-simple"},"_links":{"self":[{"href":"https:\/\/apacs.com.br\/site\/wp-json\/wp\/v2\/product\/20457","targetHints":{"allow":["GET"]}}],"collection":[{"href":"https:\/\/apacs.com.br\/site\/wp-json\/wp\/v2\/product"}],"about":[{"href":"https:\/\/apacs.com.br\/site\/wp-json\/wp\/v2\/types\/product"}],"replies":[{"embeddable":true,"href":"https:\/\/apacs.com.br\/site\/wp-json\/wp\/v2\/comments?post=20457"}],"wp:featuredmedia":[{"embeddable":true,"href":"https:\/\/apacs.com.br\/site\/wp-json\/wp\/v2\/media\/20500"}],"wp:attachment":[{"href":"https:\/\/apacs.com.br\/site\/wp-json\/wp\/v2\/media?parent=20457"}],"wp:term":[{"taxonomy":"product_brand","embeddable":true,"href":"https:\/\/apacs.com.br\/site\/wp-json\/wp\/v2\/product_brand?post=20457"},{"taxonomy":"product_cat","embeddable":true,"href":"https:\/\/apacs.com.br\/site\/wp-json\/wp\/v2\/product_cat?post=20457"},{"taxonomy":"product_tag","embeddable":true,"href":"https:\/\/apacs.com.br\/site\/wp-json\/wp\/v2\/product_tag?post=20457"}],"curies":[{"name":"wp","href":"https:\/\/api.w.org\/{rel}","templated":true}]}}