{"id":20448,"date":"2024-04-13T17:06:07","date_gmt":"2024-04-13T20:06:07","guid":{"rendered":"https:\/\/apacs.com.br\/site\/?post_type=product&#038;p=20448"},"modified":"2025-10-13T17:29:48","modified_gmt":"2025-10-13T20:29:48","slug":"cachaca-havaninha-balsamo-600ml","status":"publish","type":"product","link":"https:\/\/apacs.com.br\/site\/product\/cachaca-havaninha-balsamo-600ml\/","title":{"rendered":"Cacha\u00e7a Havaninha (B\u00e1lsamo) 600ml"},"content":{"rendered":"<p>&#8220;A saga de An\u00edsio Santiago continua&#8221;<br \/>\nA cacha\u00e7a \u00e9 a mais genu\u00edna bebida brasileira, cuja produ\u00e7\u00e3o se iniciou por volta de 1530, bem no in\u00edcio da coloniza\u00e7\u00e3o lusitana em terras tupiniquins.<\/p>\n<p>Historicamente, sofreu diversas prova\u00e7\u00f5es como bebida de identidade nacional. Somente nas \u00faltimas d\u00e9cadas vem passando por processo de valoriza\u00e7\u00e3o nos diversos estratos da sociedade brasileira.<\/p>\n<p>Minas Gerais se firmou como importante refer\u00eancia na produ\u00e7\u00e3o artesanal da bebida a partir do s\u00e9culo XVIII com os primeiros alambiques. Atualmente, centenas de marcas s\u00e3o produzidas em todo o territ\u00f3rio mineiro.<\/p>\n<p>Nas \u00faltimas d\u00e9cadas, o munic\u00edpio norte-mineiro de Salinas vem se sobressaindo na produ\u00e7\u00e3o da bebida cuja produ\u00e7\u00e3o deu-se in\u00edcio no final s\u00e9culo XIX, quando baianos fugindo da seca do sert\u00e3o nordestino chegaram \u00e0 regi\u00e3o de Salinas, fixando ra\u00edzes. Trouxeram mudas de cana que se adaptou muito bem ao solo e clima da regi\u00e3o.<\/p>\n<p>At\u00e9 a d\u00e9cada de 1940, a cacha\u00e7a produzida na regi\u00e3o de Salinas era comercializada a granel. N\u00e3o havia marca que identificasse o produto local, at\u00e9 que em 1946, primeira metade do s\u00e9culo XX, o fazendeiro e produtor de cacha\u00e7a, An\u00edsio Santiago (1912-2002), lan\u00e7ou a primeira marca de cacha\u00e7a da regi\u00e3o: a Havana. Desde ent\u00e3o, proliferaram diversas marcas que ajudaram no processo de consolida\u00e7\u00e3o do munic\u00edpio de Salinas como importante refer\u00eancia nacional na produ\u00e7\u00e3o de cacha\u00e7a artesanal de qualidade.<\/p>\n<p>Assim, neste contexto hist\u00f3rico, surge nova marca de cacha\u00e7a em Salinas com proposta de manter e perpetuar a tradi\u00e7\u00e3o do munic\u00edpio: a HAVANINHA , produzida por Osvaldo M. Santiago, filho de An\u00edsio Santiago.<\/p>\n<p>Com o falecimento do pai em 2002, ficou respons\u00e1vel pela produ\u00e7\u00e3o das marcas Havana &amp; An\u00edsio Santiago at\u00e9 2013. Foi decisivo na manuten\u00e7\u00e3o da tradi\u00e7\u00e3o herdada do pai. Buscando novos horizontes, lan\u00e7a marca pr\u00f3pria com o mesmo perfil de produ\u00e7\u00e3o que aprendeu com o mestre dos alambiques.<\/p>\n<p>A cacha\u00e7a HAVANINHA \u00e9 produzida na fazenda Piragibe, regi\u00e3o da Serra dos Bois, zona rural de Salinas. A produ\u00e7\u00e3o \u00e9 limitada e envelhecida dornas de B\u00e1lsamo. Um brinde!<\/p>\n<p>Leia mais: http:\/\/www.cachacahavaninha.com.br\/<\/p>\n<p>Acesse o Facebook<\/p>\n<blockquote class=\"wp-embedded-content\" data-secret=\"u6oIadT7aA\"><p><a href=\"https:\/\/cachacasdesalinas.com\/2015\/02\/12\/havaninha-a-nova-marca-de-cachaca-de-salinas\/\">Cacha\u00e7a Havaninha, a filha da lend\u00e1ria&nbsp;Havana<\/a><\/p><\/blockquote>\n<p><iframe class=\"wp-embedded-content\" sandbox=\"allow-scripts\" security=\"restricted\" style=\"position: absolute; visibility: hidden;\" title=\"&#8220;Cacha\u00e7a Havaninha, a filha da lend\u00e1ria&nbsp;Havana&#8221; &#8212; BLOG CACHA\u00c7AS DE SALINAS\" src=\"https:\/\/cachacasdesalinas.com\/2015\/02\/12\/havaninha-a-nova-marca-de-cachaca-de-salinas\/embed\/#?secret=5t9WHbP4IR#?secret=u6oIadT7aA\" data-secret=\"u6oIadT7aA\" width=\"600\" height=\"338\" frameborder=\"0\" marginwidth=\"0\" marginheight=\"0\" scrolling=\"no\"><\/iframe><\/p>\n<p>http:\/\/vejario.abril.com.br\/materia\/bares\/academia-da-cachaca-lanca-nova-carta-de-purinhas\/<\/p>\n","protected":false},"excerpt":{"rendered":"<p>Cacha\u00e7a Havaninha (B\u00e1lsamo) 600ml<\/p>\n","protected":false},"featured_media":21116,"comment_status":"open","ping_status":"closed","template":"","meta":[],"product_brand":[],"product_cat":[182,187,183],"product_tag":[],"class_list":{"0":"post-20448","1":"product","2":"type-product","3":"status-publish","4":"has-post-thumbnail","6":"product_cat-cachaca-dourada","7":"product_cat-havaninha","8":"product_cat-marcas","10":"first","11":"instock","12":"sale","13":"taxable","14":"shipping-taxable","15":"purchasable","16":"product-type-simple"},"_links":{"self":[{"href":"https:\/\/apacs.com.br\/site\/wp-json\/wp\/v2\/product\/20448","targetHints":{"allow":["GET"]}}],"collection":[{"href":"https:\/\/apacs.com.br\/site\/wp-json\/wp\/v2\/product"}],"about":[{"href":"https:\/\/apacs.com.br\/site\/wp-json\/wp\/v2\/types\/product"}],"replies":[{"embeddable":true,"href":"https:\/\/apacs.com.br\/site\/wp-json\/wp\/v2\/comments?post=20448"}],"wp:featuredmedia":[{"embeddable":true,"href":"https:\/\/apacs.com.br\/site\/wp-json\/wp\/v2\/media\/21116"}],"wp:attachment":[{"href":"https:\/\/apacs.com.br\/site\/wp-json\/wp\/v2\/media?parent=20448"}],"wp:term":[{"taxonomy":"product_brand","embeddable":true,"href":"https:\/\/apacs.com.br\/site\/wp-json\/wp\/v2\/product_brand?post=20448"},{"taxonomy":"product_cat","embeddable":true,"href":"https:\/\/apacs.com.br\/site\/wp-json\/wp\/v2\/product_cat?post=20448"},{"taxonomy":"product_tag","embeddable":true,"href":"https:\/\/apacs.com.br\/site\/wp-json\/wp\/v2\/product_tag?post=20448"}],"curies":[{"name":"wp","href":"https:\/\/api.w.org\/{rel}","templated":true}]}}